{"id":2,"date":"2014-11-21T04:51:49","date_gmt":"2014-11-21T04:51:49","guid":{"rendered":"http:\/\/localhost\/wordpress-4.0.1\/wordpress\/?page_id=2"},"modified":"2019-07-17T13:41:52","modified_gmt":"2019-07-17T11:41:52","slug":"willkommen","status":"publish","type":"page","link":"https:\/\/buergerbahnhof-gauting.de\/?page_id=2","title":{"rendered":"Willkommen"},"content":{"rendered":"<p><strong>In Gauting haben sich schon vor einigen Jahren ein paar Menschen &#8211; gemeinwohlorientiert, parteiunabh\u00e4ngig und frei von wirtschaftlichem Eigeninteresse &#8211; zusammengetan, um den alten Bahnhof vor dem Abriss zu bewahren, der Gemeinde Gauting ein St\u00fcck Identit\u00e4t zu erhalten und das Ortsbild mit einem historischen Blickfang zu gestalten.<br \/>\n<\/strong><\/p>\n<p>Deshalb haben wir einige B\u00fcrgerbahnh\u00f6fe in Deutschland besucht, angesehen und dahingehend gepr\u00fcft, inwieweit diese erfolgreichen Modelle auf den Gautinger Bahnhof angewandt werden k\u00f6nnen.<\/p>\n<p>Unterst\u00fctzung kam durch die mutige aber heute bereits erfolgreiche Initiative von Matthias Helwig, einen gro\u00dfen Kinoneubau mit gehobener Gastronomie und \u00c4rztehaus gleich neben dem Bahnhofsgeb\u00e4ude zu errichten. Da lag es nahe, auch den Bahnhof zu renovieren und das Ensemble zu einem neuen Mittelpunkt der Gemeinde aufzuwerten. Bei den \u00dcberlegungen spielten von Anfang an sowohl wirtschaftliche als auch soziale, kulturelle und nachhaltige Aspekte eine wichtige Rolle.<\/p>\n<p>Auf diesen Seiten wollen wir \u00fcber den Stand der Planungen im Rahmen des st\u00e4dtebaulichen Wettbewerbs und des Gautinger Gesamtverkehrskonzeptes berichten, sowie die Vorplanungen begleiten.<\/p>\n<p>Schon im Zuge des st\u00e4dtebaulichen Wettbewerbs wollen wir uns als Partner bewerben und konstruktiv bei den Planungen mitarbeiten. Wir legen Wert auf eine vertrauensvolle Zusammenarbeit mit der Gemeinde Gauting und wollen das Projekt mit m\u00f6glichst gro\u00dfem B\u00fcrgerengagement realisieren.<\/p>\n<p>Aktuelles Ziel ist, das Bahnhofsgeb\u00e4ude als Investor in Form einer B\u00fcrgergenossenschaft zu renovieren und nach Fertigstellung auch zu betreiben.<\/p>\n<p>Ein Option ist die Erweiterung des Genossenschaftszwecks, falls im st\u00e4dtebaulichen Konzept auch Wohnbebauung m\u00f6glich ist. Auf diese Weise k\u00f6nnte erschwinglicher und dringend ben\u00f6tigter Wohnraum in unmittelbarer \u00d6PNV-N\u00e4he entstehen.<\/p>\n<p>Wir laden alle B\u00fcrger ein, sich konstruktiv an diesem Prozess zu beteiligen&#8230;<\/p>\n<h3>Historische Fotos vom Bahnhof<\/h3>\n<div id=\"attachment_289\" style=\"width: 710px\" class=\"wp-caption alignnone\"><a href=\"http:\/\/buergerbahnhof-gauting.de\/wp-content\/uploads\/2019\/05\/Kopie-von-Bahnhof-Gauting-1917-als-Smart-Objekt-1.jpg\"><img loading=\"lazy\" decoding=\"async\" aria-describedby=\"caption-attachment-289\" class=\"wp-image-289 size-large\" src=\"http:\/\/buergerbahnhof-gauting.de\/wp-content\/uploads\/2019\/05\/Kopie-von-Bahnhof-Gauting-1917-als-Smart-Objekt-1-1024x489.jpg\" alt=\"\" width=\"700\" height=\"334\" srcset=\"https:\/\/buergerbahnhof-gauting.de\/wp-content\/uploads\/2019\/05\/Kopie-von-Bahnhof-Gauting-1917-als-Smart-Objekt-1.jpg 1024w, https:\/\/buergerbahnhof-gauting.de\/wp-content\/uploads\/2019\/05\/Kopie-von-Bahnhof-Gauting-1917-als-Smart-Objekt-1-300x143.jpg 300w, https:\/\/buergerbahnhof-gauting.de\/wp-content\/uploads\/2019\/05\/Kopie-von-Bahnhof-Gauting-1917-als-Smart-Objekt-1-768x367.jpg 768w, https:\/\/buergerbahnhof-gauting.de\/wp-content\/uploads\/2019\/05\/Kopie-von-Bahnhof-Gauting-1917-als-Smart-Objekt-1-150x72.jpg 150w\" sizes=\"auto, (max-width: 700px) 100vw, 700px\" \/><\/a><p id=\"caption-attachment-289\" class=\"wp-caption-text\">Gautinger Bahnhof im Jahr 1917<\/p><\/div>\n<div id=\"attachment_288\" style=\"width: 710px\" class=\"wp-caption alignnone\"><a href=\"http:\/\/buergerbahnhof-gauting.de\/wp-content\/uploads\/2019\/05\/Kopie-von-Bahnhof-Gauting-1918-als-Smart-Objekt-1.jpg\"><img loading=\"lazy\" decoding=\"async\" aria-describedby=\"caption-attachment-288\" class=\"wp-image-288 size-large\" src=\"http:\/\/buergerbahnhof-gauting.de\/wp-content\/uploads\/2019\/05\/Kopie-von-Bahnhof-Gauting-1918-als-Smart-Objekt-1-1024x673.jpg\" alt=\"\" width=\"700\" height=\"460\" srcset=\"https:\/\/buergerbahnhof-gauting.de\/wp-content\/uploads\/2019\/05\/Kopie-von-Bahnhof-Gauting-1918-als-Smart-Objekt-1.jpg 1024w, https:\/\/buergerbahnhof-gauting.de\/wp-content\/uploads\/2019\/05\/Kopie-von-Bahnhof-Gauting-1918-als-Smart-Objekt-1-300x197.jpg 300w, https:\/\/buergerbahnhof-gauting.de\/wp-content\/uploads\/2019\/05\/Kopie-von-Bahnhof-Gauting-1918-als-Smart-Objekt-1-768x505.jpg 768w, https:\/\/buergerbahnhof-gauting.de\/wp-content\/uploads\/2019\/05\/Kopie-von-Bahnhof-Gauting-1918-als-Smart-Objekt-1-150x99.jpg 150w\" sizes=\"auto, (max-width: 700px) 100vw, 700px\" \/><\/a><p id=\"caption-attachment-288\" class=\"wp-caption-text\">Gautinger Bahnhof im Jahr 1918<\/p><\/div>\n<p>&nbsp;<\/p>\n<p>&nbsp;<\/p>\n","protected":false},"excerpt":{"rendered":"<p>In Gauting haben sich schon vor einigen Jahren ein paar Menschen &#8211; gemeinwohlorientiert, parteiunabh\u00e4ngig und frei von wirtschaftlichem Eigeninteresse &#8211; zusammengetan, um den alten Bahnhof vor dem Abriss zu bewahren, der Gemeinde Gauting ein St\u00fcck Identit\u00e4t zu erhalten und das Ortsbild mit einem historischen Blickfang zu gestalten. Deshalb haben wir\u2026<\/p>\n<p> <a class=\"continue-reading-link\" href=\"https:\/\/buergerbahnhof-gauting.de\/?page_id=2\"><span>weiterlesen<\/span><i class=\"crycon-right-dir\"><\/i><\/a> <\/p>\n","protected":false},"author":1,"featured_media":0,"parent":0,"menu_order":0,"comment_status":"closed","ping_status":"closed","template":"","meta":{"footnotes":""},"class_list":["post-2","page","type-page","status-publish","hentry"],"_links":{"self":[{"href":"https:\/\/buergerbahnhof-gauting.de\/index.php?rest_route=\/wp\/v2\/pages\/2","targetHints":{"allow":["GET"]}}],"collection":[{"href":"https:\/\/buergerbahnhof-gauting.de\/index.php?rest_route=\/wp\/v2\/pages"}],"about":[{"href":"https:\/\/buergerbahnhof-gauting.de\/index.php?rest_route=\/wp\/v2\/types\/page"}],"author":[{"embeddable":true,"href":"https:\/\/buergerbahnhof-gauting.de\/index.php?rest_route=\/wp\/v2\/users\/1"}],"replies":[{"embeddable":true,"href":"https:\/\/buergerbahnhof-gauting.de\/index.php?rest_route=%2Fwp%2Fv2%2Fcomments&post=2"}],"version-history":[{"count":10,"href":"https:\/\/buergerbahnhof-gauting.de\/index.php?rest_route=\/wp\/v2\/pages\/2\/revisions"}],"predecessor-version":[{"id":310,"href":"https:\/\/buergerbahnhof-gauting.de\/index.php?rest_route=\/wp\/v2\/pages\/2\/revisions\/310"}],"wp:attachment":[{"href":"https:\/\/buergerbahnhof-gauting.de\/index.php?rest_route=%2Fwp%2Fv2%2Fmedia&parent=2"}],"curies":[{"name":"wp","href":"https:\/\/api.w.org\/{rel}","templated":true}]}}