{"id":27,"date":"2017-02-21T15:02:55","date_gmt":"2017-02-21T15:02:55","guid":{"rendered":"http:\/\/buergerbahnhof-gauting.de\/?page_id=27"},"modified":"2019-10-11T17:10:50","modified_gmt":"2019-10-11T15:10:50","slug":"aktuell","status":"publish","type":"page","link":"https:\/\/buergerbahnhof-gauting.de\/?page_id=27","title":{"rendered":"Aktuell"},"content":{"rendered":"<hr \/>\n<h4>10.10.2019<\/h4>\n<h6>Ergebnise des St\u00e4dtebaulichen Wettbewerbs f\u00fcr das Bahnhofsareal liegen vor<\/h6>\n<p>Am 14. Otober 2019 werden in einer Ausstellung die Entw\u00fcrfe der Architketen im ersten Stock des Gautinger Rathauses pr\u00e4sentiert. Die Gewinnerin des Wettbewerbs, Anne Beer, wird anwesend sein um Fragen der B\u00fcrger zu beantworten.<\/p>\n<p>Den Artikel der SZ finden sie <span style=\"text-decoration: underline;\"><a href=\"http:\/\/buergerbahnhof-gauting.de\/?page_id=106\">hier<\/a><\/span><\/p>\n<hr \/>\n<h4>29.05.2019<\/h4>\n<h6>Infoveranstaltung im Bahnhof<\/h6>\n<p>Hans Wilhelm Knape begr\u00fc\u00dfte insgesamt 9 externe Teilnehmer und Karl Heinz Jobst berichtete anhand von Fotos \u00fcber die Entstehung der Idee und zeigte Beispiele gelungener B\u00fcrgerbahnh\u00f6fe.<\/p>\n<p>Grundgedanke der Veranstaltung war, der \u00d6ffentlichkeit fr\u00fchzeitig und transparent \u00fcber die aktuelle Entwicklung zu berichten.<\/p>\n<p>Ein erster mit dem Genossenschaftsverband beratenener Satzungsentwurf wurde vorgestellt und diskutiert. Der absichtlich weitgefasste Zweck dient m\u00f6glichen sp\u00e4teren Erweiterungen \u00fcber den eigentlichen B\u00fcrgerbahnhof hinaus auf Gesch\u00e4ftsfelder wie z.B. Betrieb von L\u00e4den, Gastronomie oder Bereitstellung von sozialem Wohnraum. Letzteres w\u00fcrde die finanzielle Darstellbarkeit erheblich erleichtern.<\/p>\n<p>Hier ein Auszug aus dem vorl\u00e4ufigen Satzungsentwurf:<\/p>\n<h6>\u00a72\u00a0\u00a0\u00a0\u00a0 Zweck und Gegenstand<\/h6>\n<ol>\n<li>Zweck der Genossenschaft ist die F\u00f6rderung der sozialen und kulturellen Belange der Mitglieder durch gemeinschaftlichen Gesch\u00e4ftsbetrieb.<\/li>\n<li>Gegenstand des Unternehmens ist:<\/li>\n<\/ol>\n<ul>\n<li>Gemeinschaftlicher Erwerb, Unterhaltung und Bewirtschaftung von Immobilien und von Orten f\u00fcr Kunst, Kultur sowie Kreativ- und Gemeinwirtschaft in der Region W\u00fcrmtal, zur Steigerung der Attraktivit\u00e4t der Region.<\/li>\n<li>Die F\u00f6rderung ihrer Mitglieder durch die dauerhafte und finanziell angemessene Bereitstellung von Gewerber\u00e4umen, Ateliers und gastronomischen Einrichtungen f\u00fcr k\u00fcnstlerische, kulturelle und kreativwirtschaftliche Nutzungen.<\/li>\n<li>Der Erwerb, die Planung und Entwicklung, Sanierung und Erhaltung des Objektes \u201eBahnhof Gauting\u201c als ein Ort f\u00fcr Kunst, Kultur und Kreativwirtschaft.<\/li>\n<li>F\u00f6rderung der Information und Kommunikation des kulturellen und sozialen Zusammenlebens in Stadt und Landkreis.<\/li>\n<li>Die Schaffung von Arbeitspl\u00e4tzen, die F\u00f6rderung von nachhaltigen Prinzipien f\u00fcr Mobilit\u00e4t und in der regionalen Wirtschaft generell.<\/li>\n<\/ul>\n<p>Anhand eines Musters f\u00fcr einen Businessplan wurden erste kalkulierte Zahlen gezeigt, die allerdings noch unter zu vielen Fragezeichen stehen und nicht weiter verbreitet werden sollten.<\/p>\n<p>Hans Wilhelm Knape er\u00f6ffnete dem Publikum, dass er sich ab sofort im Hintergrund der Genossenschaftsgr\u00fcndung halten werde, weil er im n\u00e4chsten Jahr als B\u00fcrgermeister kandidiert und die Genossenschaft unter keinen Umst\u00e4nden ein Kommunal-Politikum oder Wahlkampfthema werden sollte.<\/p>\n<p>Ganz im Gegenteil, eine B\u00fcrgergenossenschaft kann nur unter Einbeziehung und Wohlwollen aller politischen und gesellschaftlichen Gruppierungen in Gauting gelingen. In dieser Richtung sollen in K\u00fcrze Gespr\u00e4che mit den Protagonisten gesucht werden.<\/p>\n<p>Deshalb wurde auch vereinbart, ma\u00dfgebliche Personen nach M\u00f6glichkeit schon fr\u00fchzeitig aktiv in einen &#8220;vorbereitenden Vorstand&#8221; einzubeziehen (kein offizielles Gremium). Der erkennbar breite Konsens in der B\u00fcrgerschaft und die Bereitschaft f\u00fcr eine finanzielles Engagement zugunsten eines B\u00fcrgerbahnhofs m\u00fcssen unbedingt erhalten bleiben.<\/p>\n<p>&nbsp;<\/p>\n<hr \/>\n<h6>Newsletter Nr. 2<\/h6>\n<p><span style=\"font-family: verdana,geneva,sans-serif;\">Liebe Freund*innen des Gautinger Bahnhofs,<\/span><\/p>\n<p align=\"justify\"><span style=\"font-family: verdana,geneva,sans-serif; font-size: small;\">Wie bereits w\u00e4hrend der B\u00fcrgerbeteiligung im Bosco <\/span><span style=\"font-family: verdana,geneva,sans-serif; font-size: small;\">der Gemeinde <\/span><span style=\"font-family: verdana,geneva,sans-serif; font-size: small;\">Gauting zum Bahnhof-Areal\u00a0 angek\u00fcndigt, wollen wir nun eine erste Informationsveranstaltung zur geplanten B\u00fcrgerbahnhof-Genossenschaft durchf\u00fchren. Auch wenn der Stand der Planungen im gesamten Bahnhofsareal noch in einem sehr fr\u00fchen Stadium ist, <\/span><span style=\"font-family: verdana,geneva,sans-serif; font-size: small;\">wollen wir trotzdem der wachsenden Nachfrage nach Details gerecht werden.<br \/>\n<\/span><\/p>\n<p><strong><span style=\"font-family: verdana, geneva, sans-serif; font-size: 10pt;\">Wir laden Sie deswegen herzlich ein, am 29. Mai um 19 Uhr im Bahnhofsgeb\u00e4ude (Alte Pizzeria) an unserem ersten B\u00fcrgerbahnhof-Treffen teilzunehmen.<\/span><\/strong><span style=\"font-family: verdana,geneva,sans-serif; font-size: small;\"><br \/>\n<\/span><\/p>\n<p align=\"justify\"><span style=\"font-family: verdana,geneva,sans-serif; font-size: small;\">Vorl\u00e4ufige Tagesordnung:<br \/>\n1. Begr\u00fc\u00dfung<br \/>\n2. Vorstellung der bisherigen Aktivit\u00e4ten<br \/>\n&#8211; Entwurf der Genossenschaftssatzung<br \/>\n&#8211; Business-Case<br \/>\n3. Aussprache<br \/>\n4. Vereinbarungen zur weiteren Vorgehensweise<br \/>\n<\/span><\/p>\n<p align=\"justify\"><span style=\"font-family: verdana, geneva, sans-serif; font-size: 10pt;\">Um die Zahl der Teilnehmer absch\u00e4tzen zu k\u00f6nnen, bitten wir um Anmeldung unter <a href=\"mailto:info@buergerbahnhof-gauting.de\">info@buergerbahnhof-gauting.de<\/a><br \/>\n<a href=\"http:\/\/www.buergerbahnhof-gauting.de\">www.buergerbahnhof-gauting.de<\/a><\/span><\/p>\n<hr \/>\n<h4>03.04.2019<\/h4>\n<h6>Newsletter Nr. 1<\/h6>\n<p>Liebe Freund*innen des Gautinger Bahnhofs,<\/p>\n<p style=\"padding: 10px 20px 20px 20px; background-color: #fff; line-height: 18px;\" align=\"justify\"><span style=\"font-family: verdana,geneva,sans-serif; font-size: small;\">In Gauting haben sich schon vor einigen Jahren ein paar Menschen, gemeinwohlorientiert, parteiunabh\u00e4ngig und frei von wirtschaftlichem Eigeninteresse zusammengetan, um den alten Bahnhof vor dem Abriss zu bewahren, der Gemeinde Gauting ein St\u00fcck Identit\u00e4t zu erhalten und das Ortsbild mit einem historischen Blickfang zu gestalten.<\/span><\/p>\n<p style=\"padding: 10px 20px 20px 20px; background-color: #fff; line-height: 18px;\" align=\"justify\"><span style=\"font-family: verdana,geneva,sans-serif; font-size: small;\">Deshalb haben wir einige B\u00fcrgerbahnh\u00f6fe in Deutschland besucht und gepr\u00fcft, inwieweit diese erfolgreichen Modelle auf den Gautinger Bahnhof \u00fcbertragen werden k\u00f6nnen. Erste Berechnungen haben ergeben: Es kann unter bestimmten Voraussetzungen funktionieren! Ziel ist es, den Bahnhof zu erhalten, zu renovieren, umzubauen und das Ensemble zu einem neuen Mittelpunkt der Gemeinde aufzuwerten. Bei den \u00dcberlegungen spielten von Anfang an sowohl wirtschaftliche als auch soziale, kulturelle und nachhaltige Aspekte eine wichtige Rolle.<\/span><\/p>\n<p style=\"padding: 10px 20px 20px 20px; background-color: #fff; line-height: 18px;\" align=\"justify\"><span style=\"font-family: verdana,geneva,sans-serif; font-size: small;\">Schon im Zuge des st\u00e4dtebaulichen Wettbewerbs wollen wir uns als Partner bewerben und konstruktiv bei den Planungen mitarbeiten. Wir legen Wert auf eine vertrauensvolle Zusammenarbeit mit der Gemeinde Gauting und wollen das Projekt mit m\u00f6glichst gro\u00dfem B\u00fcrgerengagement realisieren.<\/span><\/p>\n<p style=\"padding: 10px 20px 20px 20px; background-color: #fff; line-height: 18px;\" align=\"justify\"><span style=\"font-family: verdana,geneva,sans-serif; font-size: small;\">Es ist geplant, das Projekt \u201eB\u00fcrgerbahnhof\u201c in der Rechtsform einer Genossenschaft zu realisieren und nach Fertigstellung auch zu betreiben. Eine Option ist die Erweiterung des Genossenschaftszwecks, falls im st\u00e4dtebaulichen Konzept auch Wohnbebauung m\u00f6glich sein wird. Auf diese Weise k\u00f6nnte erschwinglicher und dringend ben\u00f6tigter Wohnraum in un-mittelbarer \u00d6PNV-N\u00e4he entstehen.<\/span><\/p>\n<p style=\"padding: 10px 20px 20px 20px; background-color: #fff; line-height: 18px;\" align=\"justify\"><span style=\"font-family: verdana,geneva,sans-serif; font-size: small;\">Wir laden B\u00fcrger*innen, Gemeinderat und Verwaltung ein, sich konstruktiv an diesem Prozess zu beteiligen. Besuchen Sie die Auftaktveranstaltung der Gemeinde Gauting zum Plangutachtenverfahren am 1.4.2019 um 19:30 Uhr im Bosco! <\/span><\/p>\n<hr \/>\n<h4>26.03.2019<\/h4>\n<p>Die Gemeinde Gauting wird sechs B\u00fcrogemeinschaften aus Stadtplanern und Landschaftsplanern damit beauftragen, unabh\u00e4ngig voneinander jeweils einen st\u00e4dtebaulichen Entwurf \u00fcber die k\u00fcnftige Gestaltung und Bebauung f\u00fcr die obere Bahnhofstra\u00dfe, den Bahnhofplatz und das Park and Ride-Gel\u00e4nde zu erarbeiten. In der <strong>Auftaktveranstaltung am 01.04.2019 im Bosco<\/strong> werden die B\u00fcrgerinnen und B\u00fcrger Gelegenheit erhalten, Vorschl\u00e4ge und Ideen zu diesem Planungsverfahren einzubringen. Auch die geplante B\u00fcrgergenossenschaft wird sich an diesem Abend mit ihren Vorschl\u00e4gen f\u00fcr eine weitere Nutzung des Bahnhofsensembles einbringen.<\/p>\n<hr \/>\n<h4>23.03.2013<\/h4>\n<p><a href=\"http:\/\/buergerbahnhof-gauting.de\/wp-content\/uploads\/2019\/03\/SZ-25.03.19-Genossenschaft-soll-Bahnhof-retten.pdf\"><img loading=\"lazy\" decoding=\"async\" class=\"alignright wp-image-229 size-medium\" src=\"http:\/\/buergerbahnhof-gauting.de\/wp-content\/uploads\/2019\/03\/SZ-25.03.19-Genossenschaft-soll-Bahnhof-retten-272x300.jpg\" alt=\"\" width=\"272\" height=\"300\" srcset=\"https:\/\/buergerbahnhof-gauting.de\/wp-content\/uploads\/2019\/03\/SZ-25.03.19-Genossenschaft-soll-Bahnhof-retten-272x300.jpg 272w, https:\/\/buergerbahnhof-gauting.de\/wp-content\/uploads\/2019\/03\/SZ-25.03.19-Genossenschaft-soll-Bahnhof-retten-768x846.jpg 768w, https:\/\/buergerbahnhof-gauting.de\/wp-content\/uploads\/2019\/03\/SZ-25.03.19-Genossenschaft-soll-Bahnhof-retten-929x1024.jpg 929w, https:\/\/buergerbahnhof-gauting.de\/wp-content\/uploads\/2019\/03\/SZ-25.03.19-Genossenschaft-soll-Bahnhof-retten-136x150.jpg 136w, https:\/\/buergerbahnhof-gauting.de\/wp-content\/uploads\/2019\/03\/SZ-25.03.19-Genossenschaft-soll-Bahnhof-retten.jpg 1548w\" sizes=\"auto, (max-width: 272px) 100vw, 272px\" \/><\/a>In der ehemaligen Schalterhalle debattierten B\u00fcrger \u00fcber die Zukunft des Bahnhofsgeb\u00e4udes. Der eindringliche Wunsch nach Erhalt war nicht zu \u00fcberh\u00f6ren. Sp\u00e4testens zu dieser Gelegenheit war es an der Zeit, die Idee einer B\u00fcrgergenossenschaft zum Erhalt des Bahnhofs vorzustellen. Aus diesem Grund haben sich bereits zahlreiche B\u00fcrger f\u00fcr die Teilnahme an einer solchen Genossenschaft gemeldet. In K\u00fcrze wird auf dieser Seite eine (zun\u00e4chst noch unverbindliche) Voranmeldung f\u00fcr die Mitgliedschaft in der B\u00fcrgergenossenschaft m\u00f6glich sein. Bis dahin bei Interesse bitte anmelden \u00fcber die Emailadresse &#8220;genossenschaft[at]buergerbahnhof-gauting.de&#8221;. Sie erhalten dann auch regelm\u00e4\u00dfig Informationen per Newsletter.<\/p>\n<hr \/>\n<h4>25.09.2018<\/h4>\n<p>Alles auf Null!<\/p>\n<p>Matthias Helwig hat vor ein paar Tagen in einem Gespr\u00e4ch entschieden, das &#8220;Tati&#8221; (ehem. &#8220;abacus&#8221;) selbst weiterzuf\u00fchren. Damit sind die Aktivit\u00e4ten rund um den B\u00fcrgerbahnhof erst mal wieder reduziert auf das Basisprojekt Bahnhof. Auch das wird noch einige Monate dauern, bis es wieder aktuell wird.<\/p>\n<hr \/>\n<h4>05.08.2018<\/h4>\n<p>Nach einer l\u00e4ngeren Pause aus unterschiedlichen Gr\u00fcnden (z.B. Grundschulareal, Gesamtverkehrskonzeopt) wieder ein Lebenszeichen vom &#8220;B\u00fcrgerbahnhof&#8221;. Die Vorstellung der Idee im Gautinger Gemeinderat stie\u00df im letzten Jahr auf gute Resonanz. Sobald das Thema &#8220;B\u00fcrgerbahnhof&#8221; wieder auf der Agenda des Gemeinderats steht, sollte es mit der Umsetzung weitergehen.<\/p>\n<p>Das Projekt &#8220;Genossenschaftgr\u00fcndung&#8221; wird voraussichtlich auch auf das Restaurant <strong>abacus<\/strong> erweitert. Es wurde einvernehmlich festgestellt, dass diese beiden benachbarten Lokalit\u00e4ten unbedingt im Zusammenhang gesehen werden m\u00fcssen. Eine zuk\u00fcnftige Planung muss eine gegenseitige Ber\u00fccksichtigung beinhalten.<\/p>\n<p>Nun hat das \u201eabacus\u201c aber vor kurzem geschlossen und Matthias Helwig betreibt das Restaurant erst einmal in einer Art Notbetrieb weiter.<br \/>\nNicht nur f\u00fcr das Kino ist ein passendes Caf\u00e9 &amp; Restaurant an dieser Stelle wichtig, sondern auch f\u00fcr alle, die es nicht unbedingt mit dem st\u00e4dtebaulichen Fachbegriff \u201eVerweilqualit\u00e4t\u201c umschrieben h\u00e4tten, aber die einfach gern dort zu Gast waren. Und nat\u00fcrlich ist es auch f\u00fcr einen potenziellen Nachbarn bedeutsam, der sich \u2013 wie wir &#8211; der b\u00fcrgernahen Belebung des Gautinger Bahnhofsbereichs verschrieben hat.<\/p>\n<p>Und jetzt kommt das interessante \u201e<strong>Neue<\/strong>\u201c: Was w\u00e4re, wenn die B\u00fcrgergenossenschaft schon jetzt initiativ w\u00fcrde und das \u201eAbacus\u201c \u00fcbern\u00e4hme? H\u00e4tten wir dann nicht viel mehr Handlungsspielraum auch in der Gestaltung des neuen Bahnhofs? W\u00e4re dann nicht auch schon f\u00fcr eine m\u00f6gliche \u00a0Bahnhofs\u00fcbernahme die Frage gekl\u00e4rt, ob sich die B\u00fcrger f\u00fcr eine Genossenschaft und die finanziellen Verpflichtungen \u00fcberhaupt zusammenfinden werden? K\u00f6nnten dann viele der Ideen z. B. f\u00fcr kulturelle und kulinarische Events nicht schon jetzt ausprobiert werden?<\/p>\n<p>Wir haben im Gr\u00fcndungs-Kernteam der Genossenschaft diese Fragen diskutiert und sind zu dem Ergebnis gekommen \u2013 ja, es gibt eigentlich nur Vorteile, wir sollten starten! Und wir haben mit Matthias Helwig gesprochen, der es auch gern mit uns probieren m\u00f6chte. Wir m\u00fcssen jetzt also die lange ruhenden Gr\u00fcndungsaktivit\u00e4ten wieder hochfahren. Schnell, aber ohne Schrittfehler zu machen.<\/p>\n<p>Wir haben das anspruchsvolle Ziel gesteckt: bis Oktober sind wir gesch\u00e4ftsf\u00e4hig!<br \/>\nIm Gegenzug hat sich Matthias Helwig bereit erkl\u00e4rt, alle notwendigen Entscheidungen, v. a. die personellen, mit uns abzustimmen und alle erforderlichen gesch\u00e4ftlichen Unterlagen zu \u00f6ffnen, damit wir die Erfordernisse der Finanzplanung und -absicherung erf\u00fcllen k\u00f6nnen. Damit wollen wir gemeinsam einen Betrieb konfigurieren, den wir dann, nach der Genossenschaftsgr\u00fcndung konzeptionell und personell gut aufgestellt, \u00fcbernehmen k\u00f6nnten.<\/p>\n<p>Dies ist eine hervorragende Gr\u00fcdungsperspektive f\u00fcr einen gut laufenden Gesch\u00e4ftsbetrieb. Aber wir m\u00fcssen eben auch einen Kreis von \u201eGenossen\u201c finden, die an das Genossenschaftsprinzip glauben: Was ein Einzelner nicht schafft, schaffen Viele! Und daher rufen wir jetzt also in die gro\u00dfe Runde: <strong>Wer m\u00f6chte dabei sein?<\/strong><\/p>\n<p>Nat\u00fcrlich arbeiten wir gr\u00fcndlich an Satzung und Business-Case und werden zeitnah weitere Details mitteilen und auch die Gr\u00fcndung geht mit einer Gr\u00fcndungsversammlung und den notwendigen ordentlichen Beschl\u00fcssen einher. Aber f\u00fcr den operativen Betrieb brauchen wir schon jetzt Eure Unterst\u00fctzung:<\/p>\n<ul>\n<li>Es wird <strong>DRINGEND ein Koch<\/strong> gesucht, der die K\u00fcche ab sofort \u00fcbernimmt. Es gibt einen Kandidaten, der kommt aber nicht ohne \u00a0eine Wohnung in der Umgebung! Wer kann einen Koch\/K\u00f6chin oder eine kleine Wohnung vermitteln?<\/li>\n<li>Wer h\u00e4tte Lust, sich aktiv im Restaurant zu <strong>engagieren<\/strong>, als \u201eGenosse\u201c gegen \u201eGenuss-Scheine\u201c oder auf Teilzeit-Basis? (und bis zum 1.10. gegen Kinokarten oder so \u00e4hnlich&#8230;)<\/li>\n<li>Im Falle einer \u00dcbernahme wollen wir den Neustart auch unter <strong>neuem Namen<\/strong> beginnen. Vorschl\u00e4ge willkommen.<\/li>\n<li>Und last but not least: w\u00fcrden Sie <strong>Mitglied \u00a0unserer Genossenschaft<\/strong> werden, um als B\u00fcrger das Bahnhofsareal zu einem Kultur- und B\u00fcrger-Raum mit zu gestalten? Wollen Sie auf diesem Wege weitere Informationen hierzu bekommen?<\/li>\n<\/ul>\n<p><strong>Bitte melden Sie sich bei uns erst mal, wenn Sie mit im Boot sitzen wollen, um als B\u00fcrger in Gauting bzw. dem W\u00fcrmtal \u00a0jetzt aktiv mit zu gestalten. Dazu haben wir hier und jetzt eine gro\u00dfe Chance \u2026 <\/strong><\/p>\n<p>Unser Kontakt:\u00a0<a href=\"genossenschaft@buergerbahnhof-gauting.de\">genossenschaft@buergerbahnhof-gauting.de<\/a><\/p>\n<p>Mit herzlichen Gr\u00fc\u00dfen<br \/>\nf\u00fcr das Team der Gautinger B\u00fcrgerbahnhofsidee<br \/>\nChristiane L\u00fcst &amp; Hans Wilhelm Knape &amp; Heinz Moser &amp; Sebastian Hofm\u00fcller &amp; G\u00f6tz Otto &amp; andere<\/p>\n<hr \/>\n<h4>11.04.2017<\/h4>\n<p>Der Arbeitskreis B\u00fcrgerbahnhof ber\u00e4t intern \u00fcber erste Ergebnisse der geplanten Genossenschaftsgr\u00fcndung aus einem Beratungsgespr\u00e4ch mit einer Genossenschaftsbank. Diese ist nach der Vorstellung des Projekts interessiert, das Projekt positiv zu begleiten. Ein wichtiger Partner scheint gewonnen&#8230; Finanzierungsberechnungen wurden mit vorl\u00e4ufigen Daten auf der Basis des &#8220;worst case&#8221;\u00a0 verifiziert. Ein wichtiger Gespr\u00e4chstermin mit der Gemeinde steht nun bevor.<\/p>\n<hr \/>\n<h4>02.03.2017<\/h4>\n<p>Der erweiterte Arbeitskreis B\u00fcrgerbahnhof Gauting trifft sich, um die kommende Arbeitsteilung festzulegen: zun\u00e4chst Finanzierung\/F\u00f6rderung &#8211; Genossenschaftsgr\u00fcndung &#8211; \u00d6ffentlichkeitsarbeit\/Presse.<\/p>\n<hr \/>\n<h4>24.01.2017<\/h4>\n<p>Ein erster Meilenstein ist geschafft: Der Gautinger Gemeinderat hat die Aussetzung des Abrissbeschlusses mehrheitlich beschlossen<\/p>\n<hr \/>\n<h4>Herbst 2016<\/h4>\n<p>Es finden mehrere Gespr\u00e4che \u00fcber Synergien statt mit Architekt Benedikt Sunder-Plassmann, der in der Vergangenheit bereits Vorplanungen erstellt hatte und Kinobetreiber Matthias Helwig, der sich eine Aufwertung in der unmittelbaren Nachbarschaft seines Kinoneubaus w\u00fcnscht und Unterst\u00fctzung zusagt.<\/p>\n<p>Sunder Plassmann erstellt in Absprache mit der B\u00fcrgergruppierung aktualisierte Vorplanungen, kalkuliert \u00fcberschl\u00e4gig die Kosten und erstellt einen Businessplan zur Vorlage im Gemeinderat. Ziel ist zun\u00e4chst, mit den konkreten Pl\u00e4nen den Gemeinderat davon zu \u00fcberzeugen, dass der Abrissbeschluss f\u00fcr den Bahnhof aufgehoben werden sollte.<\/p>\n<hr \/>\n<h4>22.04.2015<\/h4>\n<p>Eine Gruppe Gautinger B\u00fcrger trifft sich, um die gesammelten Informationen und Fotos \u00fcber B\u00fcrgerbahnh\u00f6fe in Deutschand zu diskutieren.<\/p>\n<hr \/>\n<h4>07.03.2015<\/h4>\n<p>Besuch des Hundertwasserbahnhofs in Uelzen<\/p>\n<hr \/>\n<h4>01.02.2015<\/h4>\n<p>Besuch des B\u00fcrgerbahnhofs Landsberg<\/p>\n<hr \/>\n<h4>Herbst 2014<\/h4>\n<p>Die Idee, den Gautinger Bahnhof zu erhalten, nimmt konkrete Formen an. Mehrere Gautinger B\u00fcrger treffen sich zu einem Gedankenaustausch. Sie beschlie\u00dfen, mehrere B\u00fcrgerbahnh\u00f6fe zu besuchen um die Umsetzbarkeit f\u00fcr Gauting zu pr\u00fcfen.<\/p>\n<hr \/>\n<h4>28.04.2014<\/h4>\n<p>Der &#8220;M\u00fcnchner Merkur&#8221; berichtet \u00fcber die Anregung eines Gautingers, den Bahnhof als Zentrum f\u00fcr soziale, kulturelle und b\u00fcrgerschaftliche Vernetzung neu zu beleben. Der vorgeschlagene &#8220;B\u00fcrgerbahnhof&#8221; schafft es im Gro\u00dfdruck in die \u00dcberschrift und wird als &#8220;kluge Idee&#8221; bezeichnet.<\/p>\n","protected":false},"excerpt":{"rendered":"<p>10.10.2019 Ergebnise des St\u00e4dtebaulichen Wettbewerbs f\u00fcr das Bahnhofsareal liegen vor Am 14. Otober 2019 werden in einer Ausstellung die Entw\u00fcrfe der Architketen im ersten Stock des Gautinger Rathauses pr\u00e4sentiert. Die Gewinnerin des Wettbewerbs, Anne Beer, wird anwesend sein um Fragen der B\u00fcrger zu beantworten. Den Artikel der SZ finden sie\u2026<\/p>\n<p> <a class=\"continue-reading-link\" href=\"https:\/\/buergerbahnhof-gauting.de\/?page_id=27\"><span>weiterlesen<\/span><i class=\"crycon-right-dir\"><\/i><\/a> <\/p>\n","protected":false},"author":1,"featured_media":0,"parent":0,"menu_order":0,"comment_status":"closed","ping_status":"closed","template":"","meta":{"footnotes":""},"class_list":["post-27","page","type-page","status-publish","hentry"],"_links":{"self":[{"href":"https:\/\/buergerbahnhof-gauting.de\/index.php?rest_route=\/wp\/v2\/pages\/27","targetHints":{"allow":["GET"]}}],"collection":[{"href":"https:\/\/buergerbahnhof-gauting.de\/index.php?rest_route=\/wp\/v2\/pages"}],"about":[{"href":"https:\/\/buergerbahnhof-gauting.de\/index.php?rest_route=\/wp\/v2\/types\/page"}],"author":[{"embeddable":true,"href":"https:\/\/buergerbahnhof-gauting.de\/index.php?rest_route=\/wp\/v2\/users\/1"}],"replies":[{"embeddable":true,"href":"https:\/\/buergerbahnhof-gauting.de\/index.php?rest_route=%2Fwp%2Fv2%2Fcomments&post=27"}],"version-history":[{"count":24,"href":"https:\/\/buergerbahnhof-gauting.de\/index.php?rest_route=\/wp\/v2\/pages\/27\/revisions"}],"predecessor-version":[{"id":317,"href":"https:\/\/buergerbahnhof-gauting.de\/index.php?rest_route=\/wp\/v2\/pages\/27\/revisions\/317"}],"wp:attachment":[{"href":"https:\/\/buergerbahnhof-gauting.de\/index.php?rest_route=%2Fwp%2Fv2%2Fmedia&parent=27"}],"curies":[{"name":"wp","href":"https:\/\/api.w.org\/{rel}","templated":true}]}}